{"id":141,"date":"2018-08-15T00:26:13","date_gmt":"2018-08-14T22:26:13","guid":{"rendered":"http:\/\/lp.cb.schummelschinken.de\/?page_id=141"},"modified":"2019-01-28T10:19:22","modified_gmt":"2019-01-28T09:19:22","slug":"com-biz-box-homepages","status":"publish","type":"page","link":"https:\/\/www.combusiness.de\/index.php\/loesungen\/com-biz-box-homepages\/","title":{"rendered":"Com.Biz.Box Homepages"},"content":{"rendered":"<p>[et_pb_section bb_built=&#8220;1&#8243; admin_label=&#8220;Page Header&#8220; _builder_version=&#8220;3.19.5&#8243; background_image=&#8220;https:\/\/www.combusiness.de\/wp-content\/uploads\/2019\/01\/domenico-loia-310197-unsplash-1.jpg&#8220; parallax=&#8220;on&#8220; animation_style=&#8220;zoom&#8220; animation_intensity_zoom=&#8220;4%&#8220; custom_css_main_element=&#8220;min-height: 500px;||&#8220; next_background_color=&#8220;#ffffff&#8220;][et_pb_row use_custom_width=&#8220;on&#8220; width_unit=&#8220;off&#8220; custom_padding=&#8220;0px|0px|0px|0px&#8220; bg_img_2=&#8220;https:\/\/www.combusiness.de\/wp-content\/uploads\/2018\/08\/business-13.jpg&#8220; parallax_2=&#8220;on&#8220; _builder_version=&#8220;3.17.3&#8243; background_size=&#8220;initial&#8220; background_position=&#8220;top_left&#8220; background_repeat=&#8220;repeat&#8220; background_blend=&#8220;multiply&#8220; animation_style=&#8220;slide&#8220; animation_direction=&#8220;top&#8220; animation_intensity_slide=&#8220;3%&#8220;][et_pb_column type=&#8220;4_4&#8243;][\/et_pb_column][\/et_pb_row][\/et_pb_section][et_pb_section bb_built=&#8220;1&#8243; admin_label=&#8220;About Us Section&#8220; _builder_version=&#8220;3.17.3&#8243; border_color_bottom=&#8220;#b5b5b5&#8243; custom_margin_last_edited=&#8220;on|desktop&#8220; animation_style=&#8220;zoom&#8220; animation_direction=&#8220;top&#8220; animation_intensity_zoom=&#8220;5%&#8220; custom_padding=&#8220;0|0px|30px|0px|false|false&#8220; prev_background_color=&#8220;#000000&#8243; next_background_color=&#8220;#f4f4f4&#8243;][et_pb_row admin_label=&#8220;About Us Area&#8220; _builder_version=&#8220;3.17.3&#8243; background_size=&#8220;initial&#8220; background_position=&#8220;top_left&#8220; background_repeat=&#8220;repeat&#8220; custom_padding=&#8220;27px|0px|0|0px|false|false&#8220;][et_pb_column type=&#8220;4_4&#8243;][et_pb_text _builder_version=&#8220;3.19.5&#8243; text_font=&#8220;Montserrat|500||on|||||&#8220; text_text_color=&#8220;#595959&#8243; text_font_size=&#8220;16px&#8220; text_letter_spacing=&#8220;3px&#8220; custom_margin=&#8220;20px|||&#8220; animation_style=&#8220;slide&#8220; animation_direction=&#8220;bottom&#8220; locked=&#8220;off&#8220; saved_tabs=&#8220;all&#8220;]<\/p>\n<p>IHRE PROFESSIONELLE WEBSITE G\u00dcNSTIG ERSTELLEN LASSEN<\/p>\n<p>[\/et_pb_text][et_pb_text _builder_version=&#8220;3.19.5&#8243; text_line_height=&#8220;1.5em&#8220; header_font=&#8220;|600|||||||&#8220; header_line_height=&#8220;1.5em&#8220; header_3_font=&#8220;|600|||||||&#8220; header_3_font_size=&#8220;30px&#8220; header_3_line_height=&#8220;1.5em&#8220; text_text_color=&#8220;#4c4c4c&#8220;]<\/p>\n<h1>Business Homepage Komplett-Service<\/h1>\n<ul>\n<li>Von Internet- und Marketing-Experten erstellt<\/li>\n<li>Einzigartig vollausgestattet mit Texten &amp; Bilder<\/li>\n<li>Mit pers\u00f6nlichem Ansprechpartner<\/li>\n<\/ul>\n<p>[\/et_pb_text][\/et_pb_column][\/et_pb_row][\/et_pb_section][et_pb_section bb_built=&#8220;1&#8243; admin_label=&#8220;Team Member Section&#8220; disabled_on=&#8220;off|off|off&#8220; _builder_version=&#8220;3.17.3&#8243; background_color=&#8220;#f4f4f4&#8243; parallax=&#8220;on&#8220; border_color_bottom=&#8220;#b5b5b5&#8243; prev_background_color=&#8220;#ffffff&#8220; next_background_color=&#8220;#ffffff&#8220;][et_pb_row _builder_version=&#8220;3.17.3&#8243; background_size=&#8220;initial&#8220; background_position=&#8220;top_left&#8220; background_repeat=&#8220;repeat&#8220; border_color_bottom=&#8220;#b5b5b5&#8243;][et_pb_column type=&#8220;1_2&#8243;][et_pb_image src=&#8220;https:\/\/www.combusiness.de\/wp-content\/uploads\/2019\/01\/rawpixel-778723-unsplash.jpg&#8220; _builder_version=&#8220;3.19.5&#8243; animation_style=&#8220;fold&#8220; alt=&#8220;Business Homepage&#8220; title_text=&#8220;Business Homepage&#8220;]<\/p>\n<p>[\/et_pb_image][\/et_pb_column][et_pb_column type=&#8220;1_2&#8243;][et_pb_text _builder_version=&#8220;3.19.5&#8243; text_line_height=&#8220;1.5em&#8220; header_font=&#8220;|600|||||||&#8220; header_line_height=&#8220;1.5em&#8220; header_3_font=&#8220;|600|||||||&#8220; header_3_font_size=&#8220;30px&#8220; header_3_line_height=&#8220;1.5em&#8220; text_text_color=&#8220;#4c4c4c&#8220;]<\/p>\n<h1>Keine Zeit f\u00fcr Ihre Homepage?<\/h1>\n<p><strong>Verst\u00e4ndlich, dennoch:<\/strong><\/p>\n<p>Smartphones &amp; Tablets haben unser Leben erobert &#8211; und l\u00e4ngst auch das Gesch\u00e4ft. Wir suchen \u00fcber Google, kaufen Waren und Dienstleistungen, buchen Termine, navigieren und kommunizieren mobil. Schade, wenn Ihre Homepage nicht mithalten kann.<\/p>\n<p>[\/et_pb_text][\/et_pb_column][\/et_pb_row][\/et_pb_section][et_pb_section bb_built=&#8220;1&#8243; _builder_version=&#8220;3.17.3&#8243; border_color_bottom=&#8220;#b5b5b5&#8243; prev_background_color=&#8220;#f4f4f4&#8243; next_background_color=&#8220;#f4f4f4&#8243;][et_pb_row _builder_version=&#8220;3.17.3&#8243;][et_pb_column type=&#8220;1_2&#8243;][et_pb_text _builder_version=&#8220;3.19.5&#8243; header_font=&#8220;|600|||||||&#8220; header_font_size=&#8220;25px&#8220; header_line_height=&#8220;1.5em&#8220; text_text_color=&#8220;#4c4c4c&#8220;]<\/p>\n<h1>Online Fit f\u00fcr die Zukunft<\/h1>\n<p>Wir k\u00fcmmern uns komplett \u2014 von Konzept, Design, Text und Technik bis zur kontinuierlichen Pflege. Mit individueller Branchenkompetenz, fachlich versierten Texten und professioneller Bildsprache.<\/p>\n<h1>Neueste Web-Technologie<\/h1>\n<p>Mit dem weltweit technisch f\u00fchrenden Content Management System WordPress \u2028inklusive Redaktionssystem, mit dem Sie selbstst\u00e4ndig aktualisieren k\u00f6nnen.<\/p>\n<h1>Responsives Top-Design<\/h1>\n<p>So passt sich Ihre Seite automatisch Smartphones, Tablets, Laptops und Desktops \u2028an. Konzipiert nach Ihren W\u00fcnschen, am Puls der Zeit. Besonders nutzerfreundlich.<\/p>\n<h1>Profi-Text f\u00fcr Ihre Branche<\/h1>\n<p>Selber Webseiten-Texte zu schreiben, kann herausfordern. Profi-Texter machen das \u2028f\u00fcr Sie. Gut recherchiert, suchmaschinenfreundlich, kundenorientiert geschrieben.<\/p>\n<p>\u00a0<\/p>\n<p>[\/et_pb_text][\/et_pb_column][et_pb_column type=&#8220;1_2&#8243;][et_pb_text _builder_version=&#8220;3.19.5&#8243; header_font=&#8220;|600|||||||&#8220; header_font_size=&#8220;25px&#8220; header_line_height=&#8220;1.5em&#8220;]<\/p>\n<h1>Umfangreiche Bilddatenbank<\/h1>\n<p>Keine eigenen Fotos f\u00fcr Ihre Webseite? Wir finden das Richtige f\u00fcr Sie in unserem gro\u00dfen Fundus f\u00fcr verschiedene Berufsgruppen.<\/p>\n<h1>Hilfreiche Funktionen<\/h1>\n<p>Formulare, Terminbuchungen, Stellenanzeigen: Wir binden Anwendungen \u2028als Kunden-Selbstbedienung ein, die Ihren Arbeitsalltag sp\u00fcrbar erleichtern.<\/p>\n<h1>Richtlinien- &amp; Vorschriftenkonform<\/h1>\n<p>Keine Sorge mehr um Cookies, Impressum, Datenschutz, SSL-Zertifikate, \u2028Kontaktboxen nach DSGVO. Bei uns alles Standard und stets neuster Stand.<\/p>\n<p>[\/et_pb_text][\/et_pb_column][\/et_pb_row][\/et_pb_section][et_pb_section bb_built=&#8220;1&#8243; _builder_version=&#8220;3.17.3&#8243; background_color=&#8220;#f4f4f4&#8243; border_color_bottom=&#8220;#b5b5b5&#8243; prev_background_color=&#8220;#ffffff&#8220; next_background_color=&#8220;#ffffff&#8220;][et_pb_row _builder_version=&#8220;3.17.3&#8243; border_color_bottom=&#8220;#b5b5b5&#8243;][et_pb_column type=&#8220;1_2&#8243;][et_pb_text _builder_version=&#8220;3.19.5&#8243; text_line_height=&#8220;1.5em&#8220; header_font=&#8220;|600|||||||&#8220; header_line_height=&#8220;1.5em&#8220; header_3_font=&#8220;|600|||||||&#8220; header_3_font_size=&#8220;30px&#8220; header_3_line_height=&#8220;1.5em&#8220; text_text_color=&#8220;#4c4c4c&#8220;]<\/p>\n<h1>Vorteile:<\/h1>\n<ul>\n<li>Sie sparen teure Webdesigner oder Agenturkosten<\/li>\n<li>Sie m\u00fcssen keinen Homepage-Baukasten bedienen<\/li>\n<li>Sie m\u00fcssen keine Fotos und Texte erstellen<\/li>\n<li>Sie k\u00f6nnen sich auf hohe Servicequalit\u00e4t \u2028und Premium-Support verlassen<\/li>\n<li>Sie gewinnen wertvolle Zeit f\u00fcr Ihr Business<\/li>\n<\/ul>\n<h1 style=\"text-align: center;\">\u00a0<\/h1>\n<p>[\/et_pb_text][\/et_pb_column][et_pb_column type=&#8220;1_2&#8243;][et_pb_image src=&#8220;https:\/\/www.combusiness.de\/wp-content\/uploads\/2019\/01\/jose-alejandro-cuffia-799485-unsplash.jpg&#8220; _builder_version=&#8220;3.19.5&#8243; alt=&#8220;Business Homepage&#8220; title_text=&#8220;Business Homepage&#8220;]<\/p>\n<p>[\/et_pb_image][\/et_pb_column][\/et_pb_row][et_pb_row _builder_version=&#8220;3.19.5&#8243;][et_pb_column type=&#8220;4_4&#8243;][et_pb_text _builder_version=&#8220;3.19.5&#8243; text_text_color=&#8220;#4c4c4c&#8220; header_3_line_height=&#8220;1.5em&#8220;]<\/p>\n<h3 style=\"text-align: center;\">Ihre neue Com.Biz.BOx. Jetzt mieten oder kaufen. Fragen Sie uns.<\/h3>\n<h3 style=\"text-align: center;\">Wir sagen Ihnen gern mehr.<\/h3>\n<p>[\/et_pb_text][\/et_pb_column][\/et_pb_row][\/et_pb_section][et_pb_section bb_built=&#8220;1&#8243; _builder_version=&#8220;3.19.5&#8243; prev_background_color=&#8220;#f4f4f4&#8243;][et_pb_row _builder_version=&#8220;3.0.48&#8243; background_size=&#8220;initial&#8220; background_position=&#8220;top_left&#8220; background_repeat=&#8220;repeat&#8220;][et_pb_column type=&#8220;4_4&#8243;][et_pb_cta button_url=&#8220;mailto:info@combusiness.de&#8220; button_text=&#8220;info@combusiness.de&#8220; _builder_version=&#8220;3.19.5&#8243; header_font_size=&#8220;29px&#8220; header_font_size_tablet=&#8220;25px&#8220; header_font_size_phone=&#8220;20px&#8220; header_font_size_last_edited=&#8220;on|phone&#8220; header_line_height=&#8220;1.5em&#8220; custom_button=&#8220;on&#8220; button_text_size_phone=&#8220;13&#8243; button_text_size_last_edited=&#8220;on|phone&#8220; button_use_icon=&#8220;off&#8220;]<\/p>\n<h2 style=\"text-align: center;\">Einfach<\/h2>\n<h2 style=\"text-align: center;\">0208 &#8211; 45 19 300<\/h2>\n<h2 style=\"text-align: center;\">anrufen oder eine kurze Mail an:<\/h2>\n<p>[\/et_pb_cta][\/et_pb_column][\/et_pb_row][\/et_pb_section]<\/p>\n","protected":false},"excerpt":{"rendered":"<p>IHRE PROFESSIONELLE WEBSITE G\u00dcNSTIG ERSTELLEN LASSEN Business Homepage Komplett-ServiceVon Internet- und Marketing-Experten erstelltEinzigartig vollausgestattet mit Texten &amp; BilderMit pers\u00f6nlichem Ansprechpartner Keine Zeit f\u00fcr Ihre Homepage?Verst\u00e4ndlich, dennoch:Smartphones &amp; Tablets haben unser Leben erobert &#8211; und l\u00e4ngst auch das Gesch\u00e4ft. Wir suchen \u00fcber Google, kaufen Waren und Dienstleistungen, buchen Termine, navigieren und kommunizieren mobil. Schade, wenn Ihre [&hellip;]<\/p>\n","protected":false},"author":1,"featured_media":0,"parent":91,"menu_order":0,"comment_status":"closed","ping_status":"closed","template":"","meta":{"_et_pb_use_builder":"on","_et_pb_old_content":"","_et_gb_content_width":""},"yoast_head":"<!-- This site is optimized with the Yoast SEO plugin v19.9 - https:\/\/yoast.com\/wordpress\/plugins\/seo\/ -->\n<title>Com.Biz.Box Homepages Webseiten &amp; App&#039;s - ComBusiness<\/title>\n<meta name=\"description\" content=\"Business Homepage - Smartphones &amp; Tablets haben unser Leben erobert, und l\u00e4ngst auch das Gesch\u00e4ft. Wir suchen \u00fcber Google, kaufen Waren und Dienstleistungen\" \/>\n<meta name=\"robots\" content=\"index, follow, max-snippet:-1, max-image-preview:large, max-video-preview:-1\" \/>\n<link rel=\"canonical\" href=\"https:\/\/www.combusiness.de\/index.php\/loesungen\/com-biz-box-homepages\/\" \/>\n<meta property=\"og:locale\" content=\"de_DE\" \/>\n<meta property=\"og:type\" content=\"article\" \/>\n<meta property=\"og:title\" content=\"Com.Biz.Box Homepages Webseiten &amp; App&#039;s - ComBusiness\" \/>\n<meta property=\"og:description\" content=\"Business Homepage - Smartphones &amp; Tablets haben unser Leben erobert, und l\u00e4ngst auch das Gesch\u00e4ft. Wir suchen \u00fcber Google, kaufen Waren und Dienstleistungen\" \/>\n<meta property=\"og:url\" content=\"https:\/\/www.combusiness.de\/index.php\/loesungen\/com-biz-box-homepages\/\" \/>\n<meta property=\"og:site_name\" content=\"ComBusiness\" \/>\n<meta property=\"article:modified_time\" content=\"2019-01-28T09:19:22+00:00\" \/>\n<meta name=\"twitter:card\" content=\"summary_large_image\" \/>\n<meta name=\"twitter:label1\" content=\"Gesch\u00e4tzte Lesezeit\" \/>\n\t<meta name=\"twitter:data1\" content=\"5\u00a0Minuten\" \/>\n<script type=\"application\/ld+json\" class=\"yoast-schema-graph\">{\"@context\":\"https:\/\/schema.org\",\"@graph\":[{\"@type\":\"WebPage\",\"@id\":\"https:\/\/www.combusiness.de\/index.php\/loesungen\/com-biz-box-homepages\/\",\"url\":\"https:\/\/www.combusiness.de\/index.php\/loesungen\/com-biz-box-homepages\/\",\"name\":\"Com.Biz.Box Homepages Webseiten & App's - ComBusiness\",\"isPartOf\":{\"@id\":\"https:\/\/www.combusiness.de\/#website\"},\"datePublished\":\"2018-08-14T22:26:13+00:00\",\"dateModified\":\"2019-01-28T09:19:22+00:00\",\"description\":\"Business Homepage - Smartphones & Tablets haben unser Leben erobert, und l\u00e4ngst auch das Gesch\u00e4ft. Wir suchen \u00fcber Google, kaufen Waren und Dienstleistungen\",\"breadcrumb\":{\"@id\":\"https:\/\/www.combusiness.de\/index.php\/loesungen\/com-biz-box-homepages\/#breadcrumb\"},\"inLanguage\":\"de\",\"potentialAction\":[{\"@type\":\"ReadAction\",\"target\":[\"https:\/\/www.combusiness.de\/index.php\/loesungen\/com-biz-box-homepages\/\"]}]},{\"@type\":\"BreadcrumbList\",\"@id\":\"https:\/\/www.combusiness.de\/index.php\/loesungen\/com-biz-box-homepages\/#breadcrumb\",\"itemListElement\":[{\"@type\":\"ListItem\",\"position\":1,\"name\":\"Startseite\",\"item\":\"https:\/\/www.combusiness.de\/\"},{\"@type\":\"ListItem\",\"position\":2,\"name\":\"L\u00f6sungen\",\"item\":\"https:\/\/www.combusiness.de\/index.php\/loesungen\/\"},{\"@type\":\"ListItem\",\"position\":3,\"name\":\"Com.Biz.Box Homepages\"}]},{\"@type\":\"WebSite\",\"@id\":\"https:\/\/www.combusiness.de\/#website\",\"url\":\"https:\/\/www.combusiness.de\/\",\"name\":\"ComBusiness\",\"description\":\"Ihr Partner f\u00fcr Kommunikation\",\"publisher\":{\"@id\":\"https:\/\/www.combusiness.de\/#organization\"},\"potentialAction\":[{\"@type\":\"SearchAction\",\"target\":{\"@type\":\"EntryPoint\",\"urlTemplate\":\"https:\/\/www.combusiness.de\/?s={search_term_string}\"},\"query-input\":\"required name=search_term_string\"}],\"inLanguage\":\"de\"},{\"@type\":\"Organization\",\"@id\":\"https:\/\/www.combusiness.de\/#organization\",\"name\":\"ComBusiness\",\"url\":\"https:\/\/www.combusiness.de\/\",\"logo\":{\"@type\":\"ImageObject\",\"inLanguage\":\"de\",\"@id\":\"https:\/\/www.combusiness.de\/#\/schema\/logo\/image\/\",\"url\":\"https:\/\/www.combusiness.de\/wp-content\/uploads\/2018\/12\/Logo_ComBusiness-1.png\",\"contentUrl\":\"https:\/\/www.combusiness.de\/wp-content\/uploads\/2018\/12\/Logo_ComBusiness-1.png\",\"width\":493,\"height\":58,\"caption\":\"ComBusiness\"},\"image\":{\"@id\":\"https:\/\/www.combusiness.de\/#\/schema\/logo\/image\/\"}}]}<\/script>\n<!-- \/ Yoast SEO plugin. -->","yoast_head_json":{"title":"Com.Biz.Box Homepages Webseiten & App's - ComBusiness","description":"Business Homepage - Smartphones & Tablets haben unser Leben erobert, und l\u00e4ngst auch das Gesch\u00e4ft. Wir suchen \u00fcber Google, kaufen Waren und Dienstleistungen","robots":{"index":"index","follow":"follow","max-snippet":"max-snippet:-1","max-image-preview":"max-image-preview:large","max-video-preview":"max-video-preview:-1"},"canonical":"https:\/\/www.combusiness.de\/index.php\/loesungen\/com-biz-box-homepages\/","og_locale":"de_DE","og_type":"article","og_title":"Com.Biz.Box Homepages Webseiten & App's - ComBusiness","og_description":"Business Homepage - Smartphones & Tablets haben unser Leben erobert, und l\u00e4ngst auch das Gesch\u00e4ft. Wir suchen \u00fcber Google, kaufen Waren und Dienstleistungen","og_url":"https:\/\/www.combusiness.de\/index.php\/loesungen\/com-biz-box-homepages\/","og_site_name":"ComBusiness","article_modified_time":"2019-01-28T09:19:22+00:00","twitter_card":"summary_large_image","twitter_misc":{"Gesch\u00e4tzte Lesezeit":"5\u00a0Minuten"},"schema":{"@context":"https:\/\/schema.org","@graph":[{"@type":"WebPage","@id":"https:\/\/www.combusiness.de\/index.php\/loesungen\/com-biz-box-homepages\/","url":"https:\/\/www.combusiness.de\/index.php\/loesungen\/com-biz-box-homepages\/","name":"Com.Biz.Box Homepages Webseiten & App's - ComBusiness","isPartOf":{"@id":"https:\/\/www.combusiness.de\/#website"},"datePublished":"2018-08-14T22:26:13+00:00","dateModified":"2019-01-28T09:19:22+00:00","description":"Business Homepage - Smartphones & Tablets haben unser Leben erobert, und l\u00e4ngst auch das Gesch\u00e4ft. Wir suchen \u00fcber Google, kaufen Waren und Dienstleistungen","breadcrumb":{"@id":"https:\/\/www.combusiness.de\/index.php\/loesungen\/com-biz-box-homepages\/#breadcrumb"},"inLanguage":"de","potentialAction":[{"@type":"ReadAction","target":["https:\/\/www.combusiness.de\/index.php\/loesungen\/com-biz-box-homepages\/"]}]},{"@type":"BreadcrumbList","@id":"https:\/\/www.combusiness.de\/index.php\/loesungen\/com-biz-box-homepages\/#breadcrumb","itemListElement":[{"@type":"ListItem","position":1,"name":"Startseite","item":"https:\/\/www.combusiness.de\/"},{"@type":"ListItem","position":2,"name":"L\u00f6sungen","item":"https:\/\/www.combusiness.de\/index.php\/loesungen\/"},{"@type":"ListItem","position":3,"name":"Com.Biz.Box Homepages"}]},{"@type":"WebSite","@id":"https:\/\/www.combusiness.de\/#website","url":"https:\/\/www.combusiness.de\/","name":"ComBusiness","description":"Ihr Partner f\u00fcr Kommunikation","publisher":{"@id":"https:\/\/www.combusiness.de\/#organization"},"potentialAction":[{"@type":"SearchAction","target":{"@type":"EntryPoint","urlTemplate":"https:\/\/www.combusiness.de\/?s={search_term_string}"},"query-input":"required name=search_term_string"}],"inLanguage":"de"},{"@type":"Organization","@id":"https:\/\/www.combusiness.de\/#organization","name":"ComBusiness","url":"https:\/\/www.combusiness.de\/","logo":{"@type":"ImageObject","inLanguage":"de","@id":"https:\/\/www.combusiness.de\/#\/schema\/logo\/image\/","url":"https:\/\/www.combusiness.de\/wp-content\/uploads\/2018\/12\/Logo_ComBusiness-1.png","contentUrl":"https:\/\/www.combusiness.de\/wp-content\/uploads\/2018\/12\/Logo_ComBusiness-1.png","width":493,"height":58,"caption":"ComBusiness"},"image":{"@id":"https:\/\/www.combusiness.de\/#\/schema\/logo\/image\/"}}]}},"_links":{"self":[{"href":"https:\/\/www.combusiness.de\/index.php\/wp-json\/wp\/v2\/pages\/141"}],"collection":[{"href":"https:\/\/www.combusiness.de\/index.php\/wp-json\/wp\/v2\/pages"}],"about":[{"href":"https:\/\/www.combusiness.de\/index.php\/wp-json\/wp\/v2\/types\/page"}],"author":[{"embeddable":true,"href":"https:\/\/www.combusiness.de\/index.php\/wp-json\/wp\/v2\/users\/1"}],"replies":[{"embeddable":true,"href":"https:\/\/www.combusiness.de\/index.php\/wp-json\/wp\/v2\/comments?post=141"}],"version-history":[{"count":30,"href":"https:\/\/www.combusiness.de\/index.php\/wp-json\/wp\/v2\/pages\/141\/revisions"}],"predecessor-version":[{"id":1966,"href":"https:\/\/www.combusiness.de\/index.php\/wp-json\/wp\/v2\/pages\/141\/revisions\/1966"}],"up":[{"embeddable":true,"href":"https:\/\/www.combusiness.de\/index.php\/wp-json\/wp\/v2\/pages\/91"}],"wp:attachment":[{"href":"https:\/\/www.combusiness.de\/index.php\/wp-json\/wp\/v2\/media?parent=141"}],"curies":[{"name":"wp","href":"https:\/\/api.w.org\/{rel}","templated":true}]}}